{"id":12951,"date":"2021-12-14T06:20:54","date_gmt":"2021-12-14T06:20:54","guid":{"rendered":"https:\/\/poderelacollina.com\/shop\/sangiovita-riserva-18-monate\/"},"modified":"2023-09-12T12:47:58","modified_gmt":"2023-09-12T12:47:58","slug":"sangiovita-grappa-riserva","status":"publish","type":"product","link":"https:\/\/poderelacollina.com\/de\/shop\/sangiovita-grappa-riserva\/","title":{"rendered":"Sangiovita Riserva 18 Monate"},"content":{"rendered":"","protected":false},"excerpt":{"rendered":"<div data-canvas-width=\"582.3359999999999\">Sangiovita Riserva Grappa hat eine aromatische Komplexit\u00e4t mit berauschenden D\u00fcften von Trester, Mandeln und Trockenfr\u00fcchten, 18 Monate in Eichenf\u00e4ssern gelagert, aus der Region Emilia-Romagna, Italien.<\/div>\n","protected":false},"featured_media":12578,"comment_status":"open","ping_status":"closed","template":"","meta":[],"product_cat":[172],"product_tag":[174],"class_list":{"0":"post-12951","1":"product","2":"type-product","3":"status-publish","4":"has-post-thumbnail","6":"product_cat-grappa-de","7":"product_tag-70-cl-de","8":"product_shipping_class-grappas","9":"pa_alcohol-42-de","11":"first","12":"instock","13":"taxable","14":"shipping-taxable","15":"purchasable","16":"product-type-simple"},"_links":{"self":[{"href":"https:\/\/poderelacollina.com\/de\/wp-json\/wp\/v2\/product\/12951","targetHints":{"allow":["GET"]}}],"collection":[{"href":"https:\/\/poderelacollina.com\/de\/wp-json\/wp\/v2\/product"}],"about":[{"href":"https:\/\/poderelacollina.com\/de\/wp-json\/wp\/v2\/types\/product"}],"replies":[{"embeddable":true,"href":"https:\/\/poderelacollina.com\/de\/wp-json\/wp\/v2\/comments?post=12951"}],"version-history":[{"count":1,"href":"https:\/\/poderelacollina.com\/de\/wp-json\/wp\/v2\/product\/12951\/revisions"}],"predecessor-version":[{"id":12967,"href":"https:\/\/poderelacollina.com\/de\/wp-json\/wp\/v2\/product\/12951\/revisions\/12967"}],"wp:featuredmedia":[{"embeddable":true,"href":"https:\/\/poderelacollina.com\/de\/wp-json\/wp\/v2\/media\/12578"}],"wp:attachment":[{"href":"https:\/\/poderelacollina.com\/de\/wp-json\/wp\/v2\/media?parent=12951"}],"wp:term":[{"taxonomy":"product_cat","embeddable":true,"href":"https:\/\/poderelacollina.com\/de\/wp-json\/wp\/v2\/product_cat?post=12951"},{"taxonomy":"product_tag","embeddable":true,"href":"https:\/\/poderelacollina.com\/de\/wp-json\/wp\/v2\/product_tag?post=12951"}],"curies":[{"name":"wp","href":"https:\/\/api.w.org\/{rel}","templated":true}]}}

<div data-canvas-width="582.3359999999999">Sangiovita Riserva Grappa hat eine aromatische Komplexität mit berauschenden Düften von Trester, Mandeln und Trockenfrüchten, 18 Monate in Eichenfässern gelagert, aus der Region Emilia-Romagna, Italien.</div>
